{"id":10,"date":"2019-11-02T14:56:00","date_gmt":"2019-11-02T14:56:00","guid":{"rendered":"https:\/\/orchesterverein-freckenhorst.de\/cms\/?page_id=10"},"modified":"2025-09-09T09:03:26","modified_gmt":"2025-09-09T09:03:26","slug":"der-vorstand","status":"publish","type":"page","link":"https:\/\/orchesterverein-freckenhorst.de\/cms\/der-vorstand\/","title":{"rendered":"Der Vorstand"},"content":{"rendered":"\n<figure class=\"wp-block-image size-large\"><img loading=\"lazy\" decoding=\"async\" width=\"1024\" height=\"683\" src=\"https:\/\/orchesterverein-freckenhorst.de\/cms\/wp-content\/uploads\/2025\/07\/OVF02932-1024x683.jpg\" alt=\"\" class=\"wp-image-482\" srcset=\"https:\/\/orchesterverein-freckenhorst.de\/cms\/wp-content\/uploads\/2025\/07\/OVF02932-1024x683.jpg 1024w, https:\/\/orchesterverein-freckenhorst.de\/cms\/wp-content\/uploads\/2025\/07\/OVF02932-300x200.jpg 300w, https:\/\/orchesterverein-freckenhorst.de\/cms\/wp-content\/uploads\/2025\/07\/OVF02932-768x512.jpg 768w, https:\/\/orchesterverein-freckenhorst.de\/cms\/wp-content\/uploads\/2025\/07\/OVF02932-1536x1024.jpg 1536w, https:\/\/orchesterverein-freckenhorst.de\/cms\/wp-content\/uploads\/2025\/07\/OVF02932.jpg 2048w\" sizes=\"auto, (max-width: 1024px) 100vw, 1024px\" \/><figcaption class=\"wp-element-caption\"><strong>Vorstand &#8211; Orchesterverein Freckenhorst e.V.<\/strong><\/figcaption><\/figure>\n\n\n\n\n\n<figure class=\"wp-block-image size-large is-resized\"><img loading=\"lazy\" decoding=\"async\" width=\"684\" height=\"1024\" src=\"https:\/\/orchesterverein-freckenhorst.de\/cms\/wp-content\/uploads\/2025\/07\/OVF03054-1-684x1024.jpg\" alt=\"\" class=\"wp-image-499\" style=\"width:204px;height:auto\" srcset=\"https:\/\/orchesterverein-freckenhorst.de\/cms\/wp-content\/uploads\/2025\/07\/OVF03054-1-684x1024.jpg 684w, https:\/\/orchesterverein-freckenhorst.de\/cms\/wp-content\/uploads\/2025\/07\/OVF03054-1-200x300.jpg 200w, https:\/\/orchesterverein-freckenhorst.de\/cms\/wp-content\/uploads\/2025\/07\/OVF03054-1-768x1150.jpg 768w, https:\/\/orchesterverein-freckenhorst.de\/cms\/wp-content\/uploads\/2025\/07\/OVF03054-1.jpg 804w\" sizes=\"auto, (max-width: 684px) 100vw, 684px\" \/><\/figure>\n\n\n\n<p><strong><br>1. Vorsitzende<\/strong><\/p>\n\n\n\n<p>Theresa Br\u00f6kelmann<br>Peter-Stoffels-Stra\u00dfe 45<br>48231 Freckenhorst<br><a title=\"Mail\" href=\"mailto:vorsitz@orchesterverein-freckenhorst.de\" target=\"_blank\" rel=\"noopener noreferrer\">Mail<\/a><\/p>\n\n\n<div class=\"wp-block-image\">\n<figure class=\"alignright size-large is-resized\"><img loading=\"lazy\" decoding=\"async\" width=\"684\" height=\"1024\" src=\"https:\/\/orchesterverein-freckenhorst.de\/cms\/wp-content\/uploads\/2025\/07\/OVF03038-684x1024.jpg\" alt=\"\" class=\"wp-image-500\" style=\"width:204px;height:auto\" srcset=\"https:\/\/orchesterverein-freckenhorst.de\/cms\/wp-content\/uploads\/2025\/07\/OVF03038-684x1024.jpg 684w, https:\/\/orchesterverein-freckenhorst.de\/cms\/wp-content\/uploads\/2025\/07\/OVF03038-200x300.jpg 200w, https:\/\/orchesterverein-freckenhorst.de\/cms\/wp-content\/uploads\/2025\/07\/OVF03038-768x1150.jpg 768w, https:\/\/orchesterverein-freckenhorst.de\/cms\/wp-content\/uploads\/2025\/07\/OVF03038.jpg 804w\" sizes=\"auto, (max-width: 684px) 100vw, 684px\" \/><\/figure>\n<\/div>\n\n\n<p class=\"has-text-align-right\"><\/p>\n\n\n\n<p class=\"has-text-align-right\"><strong>2. Vorsitzender<\/strong><\/p>\n\n\n\n<p class=\"has-text-align-right\">Florian Reinker<br><a href=\"mailto:kontakt@orchesterverein-freckenhorst.de\">Mail<\/a><\/p>\n\n\n\n<figure class=\"wp-block-image size-large is-resized\"><img loading=\"lazy\" decoding=\"async\" width=\"684\" height=\"1024\" src=\"https:\/\/orchesterverein-freckenhorst.de\/cms\/wp-content\/uploads\/2025\/07\/OVF03026-684x1024.jpg\" alt=\"\" class=\"wp-image-501\" style=\"width:207px;height:auto\" srcset=\"https:\/\/orchesterverein-freckenhorst.de\/cms\/wp-content\/uploads\/2025\/07\/OVF03026-684x1024.jpg 684w, https:\/\/orchesterverein-freckenhorst.de\/cms\/wp-content\/uploads\/2025\/07\/OVF03026-200x300.jpg 200w, https:\/\/orchesterverein-freckenhorst.de\/cms\/wp-content\/uploads\/2025\/07\/OVF03026-768x1150.jpg 768w, https:\/\/orchesterverein-freckenhorst.de\/cms\/wp-content\/uploads\/2025\/07\/OVF03026.jpg 804w\" sizes=\"auto, (max-width: 684px) 100vw, 684px\" \/><\/figure>\n\n\n\n<p><\/p>\n\n\n\n<p><strong>Kassiererin<\/strong><\/p>\n\n\n\n<p>Katharina Beckemeyer<br><a title=\"Mail\" href=\"mailto:finanzen@orchesterverein-freckenhorst.de\" target=\"_blank\" rel=\"noopener noreferrer\">Mail<\/a><\/p>\n\n\n<div class=\"wp-block-image\">\n<figure class=\"alignright size-large is-resized\"><img loading=\"lazy\" decoding=\"async\" width=\"684\" height=\"1024\" src=\"https:\/\/orchesterverein-freckenhorst.de\/cms\/wp-content\/uploads\/2025\/07\/OVF03081-684x1024.jpg\" alt=\"\" class=\"wp-image-502\" style=\"width:205px;height:auto\" srcset=\"https:\/\/orchesterverein-freckenhorst.de\/cms\/wp-content\/uploads\/2025\/07\/OVF03081-684x1024.jpg 684w, https:\/\/orchesterverein-freckenhorst.de\/cms\/wp-content\/uploads\/2025\/07\/OVF03081-200x300.jpg 200w, https:\/\/orchesterverein-freckenhorst.de\/cms\/wp-content\/uploads\/2025\/07\/OVF03081-768x1150.jpg 768w, https:\/\/orchesterverein-freckenhorst.de\/cms\/wp-content\/uploads\/2025\/07\/OVF03081.jpg 804w\" sizes=\"auto, (max-width: 684px) 100vw, 684px\" \/><\/figure>\n<\/div>\n\n\n<p class=\"has-text-align-right\"><strong style=\"font-size: inherit;\">Schriftf\u00fchrer &amp;<\/strong><\/p>\n\n\n\n<p class=\"has-text-align-right\"><strong>\u00d6ffentlichkeitsarbeit<\/strong><\/p>\n\n\n\n<p class=\"has-text-align-right\">Christoph Bolte<\/p>\n\n\n\n<p><\/p>\n\n\n\n<p><\/p>\n\n\n\n<p><\/p>\n\n\n\n<p><\/p>\n\n\n\n<p><\/p>\n\n\n\n<p><strong>Probenarbeit<\/strong><\/p>\n\n\n\n<p>Georg Potthoff<\/p>\n\n\n\n<figure class=\"wp-block-image size-large is-resized\"><img loading=\"lazy\" decoding=\"async\" width=\"684\" height=\"1024\" src=\"https:\/\/orchesterverein-freckenhorst.de\/cms\/wp-content\/uploads\/2025\/07\/OVF03001-1-684x1024.jpg\" alt=\"\" class=\"wp-image-503\" style=\"width:204px;height:auto\" srcset=\"https:\/\/orchesterverein-freckenhorst.de\/cms\/wp-content\/uploads\/2025\/07\/OVF03001-1-684x1024.jpg 684w, https:\/\/orchesterverein-freckenhorst.de\/cms\/wp-content\/uploads\/2025\/07\/OVF03001-1-200x300.jpg 200w, https:\/\/orchesterverein-freckenhorst.de\/cms\/wp-content\/uploads\/2025\/07\/OVF03001-1-768x1150.jpg 768w, https:\/\/orchesterverein-freckenhorst.de\/cms\/wp-content\/uploads\/2025\/07\/OVF03001-1.jpg 804w\" sizes=\"auto, (max-width: 684px) 100vw, 684px\" \/><\/figure>\n\n\n\n<p class=\"has-text-align-left\"><strong>Jugendwartin <\/strong><\/p>\n\n\n\n<p class=\"has-text-align-left\">Annika Haase<\/p>\n\n\n\n<figure class=\"wp-block-image size-large is-resized\"><img loading=\"lazy\" decoding=\"async\" width=\"684\" height=\"1024\" src=\"https:\/\/orchesterverein-freckenhorst.de\/cms\/wp-content\/uploads\/2025\/07\/OVF03010-684x1024.jpg\" alt=\"\" class=\"wp-image-496\" style=\"width:207px;height:auto\" srcset=\"https:\/\/orchesterverein-freckenhorst.de\/cms\/wp-content\/uploads\/2025\/07\/OVF03010-684x1024.jpg 684w, https:\/\/orchesterverein-freckenhorst.de\/cms\/wp-content\/uploads\/2025\/07\/OVF03010-200x300.jpg 200w, https:\/\/orchesterverein-freckenhorst.de\/cms\/wp-content\/uploads\/2025\/07\/OVF03010-768x1150.jpg 768w, https:\/\/orchesterverein-freckenhorst.de\/cms\/wp-content\/uploads\/2025\/07\/OVF03010.jpg 804w\" sizes=\"auto, (max-width: 684px) 100vw, 684px\" \/><\/figure>\n\n\n\n<p><\/p>\n\n\n\n<p><strong>Notenwart<\/strong><\/p>\n\n\n\n<p>Till Friehe<\/p>\n\n\n\n<p><strong>Beisitzer:<br><\/strong><\/p>\n\n\n\n<figure class=\"wp-block-image size-large is-resized\"><img loading=\"lazy\" decoding=\"async\" width=\"684\" height=\"1024\" src=\"https:\/\/orchesterverein-freckenhorst.de\/cms\/wp-content\/uploads\/2025\/07\/OVF03095-684x1024.jpg\" alt=\"\" class=\"wp-image-504\" style=\"width:206px;height:auto\" srcset=\"https:\/\/orchesterverein-freckenhorst.de\/cms\/wp-content\/uploads\/2025\/07\/OVF03095-684x1024.jpg 684w, https:\/\/orchesterverein-freckenhorst.de\/cms\/wp-content\/uploads\/2025\/07\/OVF03095-200x300.jpg 200w, https:\/\/orchesterverein-freckenhorst.de\/cms\/wp-content\/uploads\/2025\/07\/OVF03095-768x1150.jpg 768w, https:\/\/orchesterverein-freckenhorst.de\/cms\/wp-content\/uploads\/2025\/07\/OVF03095.jpg 804w\" sizes=\"auto, (max-width: 684px) 100vw, 684px\" \/><\/figure>\n\n\n\n<p>Rainer Poppenborg<\/p>\n\n\n\n<figure class=\"wp-block-image size-large is-resized\"><img loading=\"lazy\" decoding=\"async\" width=\"684\" height=\"1024\" src=\"https:\/\/orchesterverein-freckenhorst.de\/cms\/wp-content\/uploads\/2025\/07\/OVF03046-684x1024.jpg\" alt=\"\" class=\"wp-image-505\" style=\"width:207px;height:auto\" srcset=\"https:\/\/orchesterverein-freckenhorst.de\/cms\/wp-content\/uploads\/2025\/07\/OVF03046-684x1024.jpg 684w, https:\/\/orchesterverein-freckenhorst.de\/cms\/wp-content\/uploads\/2025\/07\/OVF03046-200x300.jpg 200w, https:\/\/orchesterverein-freckenhorst.de\/cms\/wp-content\/uploads\/2025\/07\/OVF03046-768x1150.jpg 768w, https:\/\/orchesterverein-freckenhorst.de\/cms\/wp-content\/uploads\/2025\/07\/OVF03046.jpg 804w\" sizes=\"auto, (max-width: 684px) 100vw, 684px\" \/><\/figure>\n\n\n\n<p>Markus Hustert<\/p>\n\n\n\n<figure class=\"wp-block-image size-large is-resized\"><img loading=\"lazy\" decoding=\"async\" width=\"684\" height=\"1024\" src=\"https:\/\/orchesterverein-freckenhorst.de\/cms\/wp-content\/uploads\/2025\/07\/OVF03013-1-684x1024.jpg\" alt=\"\" class=\"wp-image-506\" style=\"width:207px;height:auto\" srcset=\"https:\/\/orchesterverein-freckenhorst.de\/cms\/wp-content\/uploads\/2025\/07\/OVF03013-1-684x1024.jpg 684w, https:\/\/orchesterverein-freckenhorst.de\/cms\/wp-content\/uploads\/2025\/07\/OVF03013-1-200x300.jpg 200w, https:\/\/orchesterverein-freckenhorst.de\/cms\/wp-content\/uploads\/2025\/07\/OVF03013-1-768x1150.jpg 768w, https:\/\/orchesterverein-freckenhorst.de\/cms\/wp-content\/uploads\/2025\/07\/OVF03013-1.jpg 804w\" sizes=\"auto, (max-width: 684px) 100vw, 684px\" \/><\/figure>\n\n\n\n<p>Luisa P\u00f6sentrup<\/p>\n\n\n\n<div class=\"wp-block-group is-nowrap is-layout-flex wp-container-core-group-is-layout-ad2f72ca wp-block-group-is-layout-flex\"><\/div>\n\n\n\n<p><\/p>\n","protected":false},"excerpt":{"rendered":"<p>1. Vorsitzende Theresa Br\u00f6kelmannPeter-Stoffels-Stra\u00dfe 4548231 FreckenhorstMail 2. Vorsitzender Florian ReinkerMail Kassiererin Katharina BeckemeyerMail Schriftf\u00fchrer &amp; \u00d6ffentlichkeitsarbeit Christoph Bolte Probenarbeit Georg Potthoff Jugendwartin Annika Haase Notenwart Till Friehe Beisitzer: Rainer Poppenborg &#8230;<\/p>\n","protected":false},"author":1,"featured_media":0,"parent":0,"menu_order":0,"comment_status":"closed","ping_status":"closed","template":"template-fullwidth.php","meta":{"footnotes":""},"class_list":["post-10","page","type-page","status-publish","hentry"],"_links":{"self":[{"href":"https:\/\/orchesterverein-freckenhorst.de\/cms\/wp-json\/wp\/v2\/pages\/10","targetHints":{"allow":["GET"]}}],"collection":[{"href":"https:\/\/orchesterverein-freckenhorst.de\/cms\/wp-json\/wp\/v2\/pages"}],"about":[{"href":"https:\/\/orchesterverein-freckenhorst.de\/cms\/wp-json\/wp\/v2\/types\/page"}],"author":[{"embeddable":true,"href":"https:\/\/orchesterverein-freckenhorst.de\/cms\/wp-json\/wp\/v2\/users\/1"}],"replies":[{"embeddable":true,"href":"https:\/\/orchesterverein-freckenhorst.de\/cms\/wp-json\/wp\/v2\/comments?post=10"}],"version-history":[{"count":31,"href":"https:\/\/orchesterverein-freckenhorst.de\/cms\/wp-json\/wp\/v2\/pages\/10\/revisions"}],"predecessor-version":[{"id":518,"href":"https:\/\/orchesterverein-freckenhorst.de\/cms\/wp-json\/wp\/v2\/pages\/10\/revisions\/518"}],"wp:attachment":[{"href":"https:\/\/orchesterverein-freckenhorst.de\/cms\/wp-json\/wp\/v2\/media?parent=10"}],"curies":[{"name":"wp","href":"https:\/\/api.w.org\/{rel}","templated":true}]}}

<figure class="wp-block-image size-large"><img loading="lazy" decoding="async" width="1024" height="683" src="https://orchesterverein-freckenhorst.de/cms/wp-content/uploads/2025/07/OVF02932-1024x683.jpg" alt="" class="wp-image-482" srcset="https://orchesterverein-freckenhorst.de/cms/wp-content/uploads/2025/07/OVF02932-1024x683.jpg 1024w, https://orchesterverein-freckenhorst.de/cms/wp-content/uploads/2025/07/OVF02932-300x200.jpg 300w, https://orchesterverein-freckenhorst.de/cms/wp-content/uploads/2025/07/OVF02932-768x512.jpg 768w, https://orchesterverein-freckenhorst.de/cms/wp-content/uploads/2025/07/OVF02932-1536x1024.jpg 1536w, https://orchesterverein-freckenhorst.de/cms/wp-content/uploads/2025/07/OVF02932.jpg 2048w" sizes="auto, (max-width: 1024px) 100vw, 1024px" /><figcaption class="wp-element-caption"><strong>Vorstand &#8211; Orchesterverein Freckenhorst e.V.</strong></figcaption></figure>





<figure class="wp-block-image size-large is-resized"><img loading="lazy" decoding="async" width="684" height="1024" src="https://orchesterverein-freckenhorst.de/cms/wp-content/uploads/2025/07/OVF03054-1-684x1024.jpg" alt="" class="wp-image-499" style="width:204px;height:auto" srcset="https://orchesterverein-freckenhorst.de/cms/wp-content/uploads/2025/07/OVF03054-1-684x1024.jpg 684w, https://orchesterverein-freckenhorst.de/cms/wp-content/uploads/2025/07/OVF03054-1-200x300.jpg 200w, https://orchesterverein-freckenhorst.de/cms/wp-content/uploads/2025/07/OVF03054-1-768x1150.jpg 768w, https://orchesterverein-freckenhorst.de/cms/wp-content/uploads/2025/07/OVF03054-1.jpg 804w" sizes="auto, (max-width: 684px) 100vw, 684px" /></figure>



<p><strong><br>1. Vorsitzende</strong></p>



<p>Theresa Brökelmann<br>Peter-Stoffels-Straße 45<br>48231 Freckenhorst<br><a title="Mail" href="mailto:vorsitz@orchesterverein-freckenhorst.de" target="_blank" rel="noopener noreferrer">Mail</a></p>


<div class="wp-block-image">
<figure class="alignright size-large is-resized"><img loading="lazy" decoding="async" width="684" height="1024" src="https://orchesterverein-freckenhorst.de/cms/wp-content/uploads/2025/07/OVF03038-684x1024.jpg" alt="" class="wp-image-500" style="width:204px;height:auto" srcset="https://orchesterverein-freckenhorst.de/cms/wp-content/uploads/2025/07/OVF03038-684x1024.jpg 684w, https://orchesterverein-freckenhorst.de/cms/wp-content/uploads/2025/07/OVF03038-200x300.jpg 200w, https://orchesterverein-freckenhorst.de/cms/wp-content/uploads/2025/07/OVF03038-768x1150.jpg 768w, https://orchesterverein-freckenhorst.de/cms/wp-content/uploads/2025/07/OVF03038.jpg 804w" sizes="auto, (max-width: 684px) 100vw, 684px" /></figure>
</div>


<p class="has-text-align-right"></p>



<p class="has-text-align-right"><strong>2. Vorsitzender</strong></p>



<p class="has-text-align-right">Florian Reinker<br><a href="mailto:kontakt@orchesterverein-freckenhorst.de">Mail</a></p>



<figure class="wp-block-image size-large is-resized"><img loading="lazy" decoding="async" width="684" height="1024" src="https://orchesterverein-freckenhorst.de/cms/wp-content/uploads/2025/07/OVF03026-684x1024.jpg" alt="" class="wp-image-501" style="width:207px;height:auto" srcset="https://orchesterverein-freckenhorst.de/cms/wp-content/uploads/2025/07/OVF03026-684x1024.jpg 684w, https://orchesterverein-freckenhorst.de/cms/wp-content/uploads/2025/07/OVF03026-200x300.jpg 200w, https://orchesterverein-freckenhorst.de/cms/wp-content/uploads/2025/07/OVF03026-768x1150.jpg 768w, https://orchesterverein-freckenhorst.de/cms/wp-content/uploads/2025/07/OVF03026.jpg 804w" sizes="auto, (max-width: 684px) 100vw, 684px" /></figure>



<p></p>



<p><strong>Kassiererin</strong></p>



<p>Katharina Beckemeyer<br><a title="Mail" href="mailto:finanzen@orchesterverein-freckenhorst.de" target="_blank" rel="noopener noreferrer">Mail</a></p>


<div class="wp-block-image">
<figure class="alignright size-large is-resized"><img loading="lazy" decoding="async" width="684" height="1024" src="https://orchesterverein-freckenhorst.de/cms/wp-content/uploads/2025/07/OVF03081-684x1024.jpg" alt="" class="wp-image-502" style="width:205px;height:auto" srcset="https://orchesterverein-freckenhorst.de/cms/wp-content/uploads/2025/07/OVF03081-684x1024.jpg 684w, https://orchesterverein-freckenhorst.de/cms/wp-content/uploads/2025/07/OVF03081-200x300.jpg 200w, https://orchesterverein-freckenhorst.de/cms/wp-content/uploads/2025/07/OVF03081-768x1150.jpg 768w, https://orchesterverein-freckenhorst.de/cms/wp-content/uploads/2025/07/OVF03081.jpg 804w" sizes="auto, (max-width: 684px) 100vw, 684px" /></figure>
</div>


<p class="has-text-align-right"><strong style="font-size: inherit;">Schriftführer &amp;</strong></p>



<p class="has-text-align-right"><strong>Öffentlichkeitsarbeit</strong></p>



<p class="has-text-align-right">Christoph Bolte</p>



<p></p>



<p></p>



<p></p>



<p></p>



<p></p>



<p><strong>Probenarbeit</strong></p>



<p>Georg Potthoff</p>



<figure class="wp-block-image size-large is-resized"><img loading="lazy" decoding="async" width="684" height="1024" src="https://orchesterverein-freckenhorst.de/cms/wp-content/uploads/2025/07/OVF03001-1-684x1024.jpg" alt="" class="wp-image-503" style="width:204px;height:auto" srcset="https://orchesterverein-freckenhorst.de/cms/wp-content/uploads/2025/07/OVF03001-1-684x1024.jpg 684w, https://orchesterverein-freckenhorst.de/cms/wp-content/uploads/2025/07/OVF03001-1-200x300.jpg 200w, https://orchesterverein-freckenhorst.de/cms/wp-content/uploads/2025/07/OVF03001-1-768x1150.jpg 768w, https://orchesterverein-freckenhorst.de/cms/wp-content/uploads/2025/07/OVF03001-1.jpg 804w" sizes="auto, (max-width: 684px) 100vw, 684px" /></figure>



<p class="has-text-align-left"><strong>Jugendwartin </strong></p>



<p class="has-text-align-left">Annika Haase</p>



<figure class="wp-block-image size-large is-resized"><img loading="lazy" decoding="async" width="684" height="1024" src="https://orchesterverein-freckenhorst.de/cms/wp-content/uploads/2025/07/OVF03010-684x1024.jpg" alt="" class="wp-image-496" style="width:207px;height:auto" srcset="https://orchesterverein-freckenhorst.de/cms/wp-content/uploads/2025/07/OVF03010-684x1024.jpg 684w, https://orchesterverein-freckenhorst.de/cms/wp-content/uploads/2025/07/OVF03010-200x300.jpg 200w, https://orchesterverein-freckenhorst.de/cms/wp-content/uploads/2025/07/OVF03010-768x1150.jpg 768w, https://orchesterverein-freckenhorst.de/cms/wp-content/uploads/2025/07/OVF03010.jpg 804w" sizes="auto, (max-width: 684px) 100vw, 684px" /></figure>



<p></p>



<p><strong>Notenwart</strong></p>



<p>Till Friehe</p>



<p><strong>Beisitzer:<br></strong></p>



<figure class="wp-block-image size-large is-resized"><img loading="lazy" decoding="async" width="684" height="1024" src="https://orchesterverein-freckenhorst.de/cms/wp-content/uploads/2025/07/OVF03095-684x1024.jpg" alt="" class="wp-image-504" style="width:206px;height:auto" srcset="https://orchesterverein-freckenhorst.de/cms/wp-content/uploads/2025/07/OVF03095-684x1024.jpg 684w, https://orchesterverein-freckenhorst.de/cms/wp-content/uploads/2025/07/OVF03095-200x300.jpg 200w, https://orchesterverein-freckenhorst.de/cms/wp-content/uploads/2025/07/OVF03095-768x1150.jpg 768w, https://orchesterverein-freckenhorst.de/cms/wp-content/uploads/2025/07/OVF03095.jpg 804w" sizes="auto, (max-width: 684px) 100vw, 684px" /></figure>



<p>Rainer Poppenborg</p>



<figure class="wp-block-image size-large is-resized"><img loading="lazy" decoding="async" width="684" height="1024" src="https://orchesterverein-freckenhorst.de/cms/wp-content/uploads/2025/07/OVF03046-684x1024.jpg" alt="" class="wp-image-505" style="width:207px;height:auto" srcset="https://orchesterverein-freckenhorst.de/cms/wp-content/uploads/2025/07/OVF03046-684x1024.jpg 684w, https://orchesterverein-freckenhorst.de/cms/wp-content/uploads/2025/07/OVF03046-200x300.jpg 200w, https://orchesterverein-freckenhorst.de/cms/wp-content/uploads/2025/07/OVF03046-768x1150.jpg 768w, https://orchesterverein-freckenhorst.de/cms/wp-content/uploads/2025/07/OVF03046.jpg 804w" sizes="auto, (max-width: 684px) 100vw, 684px" /></figure>



<p>Markus Hustert</p>



<figure class="wp-block-image size-large is-resized"><img loading="lazy" decoding="async" width="684" height="1024" src="https://orchesterverein-freckenhorst.de/cms/wp-content/uploads/2025/07/OVF03013-1-684x1024.jpg" alt="" class="wp-image-506" style="width:207px;height:auto" srcset="https://orchesterverein-freckenhorst.de/cms/wp-content/uploads/2025/07/OVF03013-1-684x1024.jpg 684w, https://orchesterverein-freckenhorst.de/cms/wp-content/uploads/2025/07/OVF03013-1-200x300.jpg 200w, https://orchesterverein-freckenhorst.de/cms/wp-content/uploads/2025/07/OVF03013-1-768x1150.jpg 768w, https://orchesterverein-freckenhorst.de/cms/wp-content/uploads/2025/07/OVF03013-1.jpg 804w" sizes="auto, (max-width: 684px) 100vw, 684px" /></figure>



<p>Luisa Pösentrup</p>



<div class="wp-block-group is-nowrap is-layout-flex wp-container-core-group-is-layout-ad2f72ca wp-block-group-is-layout-flex"></div>



<p></p>

<p>1. Vorsitzende Theresa BrökelmannPeter-Stoffels-Straße 4548231 FreckenhorstMail 2. Vorsitzender Florian ReinkerMail Kassiererin Katharina BeckemeyerMail Schriftführer &amp; Öffentlichkeitsarbeit Christoph Bolte Probenarbeit Georg Potthoff Jugendwartin Annika Haase Notenwart Till Friehe Beisitzer: Rainer Poppenborg &#8230;</p>
